89, 211, 138883
List the prime factors of 3688196608.
2, 7203509
What are the prime factors of 280628192?
2, 13, 181, 3727
What are the prime factors of 41688242?
2, 19, 31, 43, 823
What are the prime factors of 13475667?
3, 223, 20143
What are the prime factors of 113142431?
67, 1103, 1531
List the prime factors of 15385634.
2, 11, 63577
List the prime factors of 55378934.
2, 13, 59, 2777
List the prime factors of 43114468.
2, 127, 84871
List the prime factors of 1539059772.
2, 3, 128254981
List the prime factors of 118082687.
43, 63863
What are the prime factors of 478738809?
3, 233, 76099
What are the prime factors of 1434382667?
17, 84375451
List the prime factors of 69666470.
2, 5, 6966647
What are the prime factors of 1636877226?
2, 3, 107, 131, 19463
List the prime factors of 19218207.
3, 37, 173137
What are the prime factors of 524325406?
2, 11, 19, 1254367
List the prime factors of 2182504116.
2, 3, 13, 61, 229351
List the prime factors of 9014536695.
3, 5, 600969113
What are the prime factors of 16528098?
2, 3, 2754683
List the prime factors of 502481174.
2, 13, 103, 187633
What are the prime factors of 6328465458?
2, 3, 7, 17, 307, 28871
List the prime factors of 1463249844.
2, 3, 7, 5806547
What are the prime factors of 37087940?
2, 5, 293, 6329
What are the prime factors of 199378517?
13, 541, 28349
List the prime factors of 75964155.
3, 5, 5064277
What are the prime factors of 8061037761?
3, 7, 383858941
What are the prime factors of 705832730?
2, 5, 937, 75329
What are the prime factors of 274195023?
3, 17, 19, 53, 281
List the prime factors of 3222552397.
43, 2633, 28463
What are the prime factors of 7260477466?
2, 11, 71, 422563
What are the prime factors of 356480125?
5, 2851841
What are the prime factors of 339334453?
3919, 86587
List the prime factors of 518652278.
2, 9787, 26497
List the prime factors of 676243346.
2, 338121673
List the prime factors of 218235713.
218235713
What are the prime factors of 1561062644?
2, 103, 457, 8291
What are the prime factors of 999358353?
3, 7, 15862831
What are the prime factors of 36551005?
5, 37, 197573
List the prime factors of 4731609307.
4731609307
List the prime factors of 121224934.
2, 61, 993647
What are the prime factors of 2470829749?
19, 71, 1831601
What are the prime factors of 97655074?
2, 11, 4438867
What are the prime factors of 2986435242?
2, 3, 7, 37, 91513
What are the prime factors of 863450559?
3, 95938951
What are the prime factors of 2190408089?
43, 269, 409, 463
What are the prime factors of 304708333?
15797, 19289
List the prime factors of 7417754027.
97, 733, 104327
List the prime factors of 5260777683.
3, 7, 29, 1511, 5717
List the prime factors of 933449647.
13, 71803819
What are the prime factors of 561818029?
561818029
List the prime factors of 96708302.
2, 61, 792691
What are the prime factors of 18155472?
2, 3, 378239
List the prime factors of 20151581.
31, 283, 2297
What are the prime factors of 74528417?
43, 47, 36877
List the prime factors of 286429990.
2, 5, 7, 11, 4831
What are the prime factors of 201068933?
13, 1189757
List the prime factors of 52984693.
1109, 47777
List the prime factors of 637754149.
637754149
What are the prime factors of 2691981120?
2, 3, 5, 2804147
List the prime factors of 250976840.
2, 5, 479, 13099
List the prime factors of 281745690.
2, 3, 5, 73, 127, 1013
List the prime factors of 624348826.
2, 312174413
What are the prime factors of 98100450?
2, 3, 5, 7, 1483
List the prime factors of 264736975.
5, 19, 151, 3691
What are the prime factors of 93121165?
5, 18624233
List the prime factors of 124003575.
3, 5, 183709
What are the prime factors of 5205770099?
107, 2017, 24121
What are the prime factors of 1542830?
2, 5, 41, 53, 71
List the prime factors of 9426322312.
2, 11, 1861, 57559
What are the prime factors of 1473315064?
2, 13, 17, 49019
List the prime factors of 64032660.
2, 3, 5, 19, 79
What are the prime factors of 311534859?
3, 607, 171079
What are the prime factors of 116103566?
2, 19, 3055357
What are the prime factors of 301306344?
2, 3, 239, 52529
List the prime factors of 293035313.
293035313
List the prime factors of 18058619.
29, 257, 2423
List the prime factors of 114841134.
2, 3, 6380063
What are the prime factors of 59018864?
2, 19, 194141
List the prime factors of 23444379.
3, 7, 197, 1889
What are the prime factors of 1035633124?
2, 258908281
What are the prime factors of 226353983?
131, 151, 11443
What are the prime factors of 80017952?
2, 7, 211, 1693
List the prime factors of 6981990653.
11, 23, 27596801
What are the prime factors of 142308823?
107, 523, 2543
List the prime factors of 61365875.
5, 490927
List the prime factors of 132875136.
2, 3, 115343
List the prime factors of 138065145.
3, 5, 9204343
List the prime factors of 1941137231.
11, 17, 71, 146203
List the prime factors of 2157963899.
7, 13, 23713889
List the prime factors of 2982653394.
2, 3, 7, 1601, 44357
What are the prime factors of 4477285939?
7, 97, 6593941
What are the prime factors of 12774020?
2, 5, 7, 91243
What are the prime factors of 155808562?
2, 7, 13, 89, 9619
List the prime factors of 65850079.
67, 683, 1439
What are the prime factors of 74530679?
1019, 73141
List the prime factors of 156903807.
3, 6967, 7507
List the prime factors of 426602444.
2, 7193, 14827
What are the prime factors of 15898829?
79, 201251
What are the prime factors of 141929559?
3, 15769951
What are the prime factors of 112701049?
112701049
List the prime factors of 811532741.
19391, 41851
List the prime factors of 96001653.
3, 11, 2909141
What are the prime factors of 366763005?
3, 5, 7, 388109
List the prime factors of 1045646814.
2, 3, 174274469
List the prime factors of 130304248.
2, 16288031
List the prime factors of 20654223.
3, 6884741
What are the prime factors of 2941469411?
311, 9458101
List the prime factors of 3603240560.
2, 5, 19, 37, 79, 811
List the prime factors of 202052349.
3, 761, 29501
What are the prime factors of 560360809?
3467, 161627
List the prime factors of 22104948.
2, 3, 1842079
List the prime factors of 121081253.
829, 146057
What are the prime factors of 104449335?
3, 5, 37, 188197
What are the prime factors of 2560471444?
2, 647, 881, 1123
What are the prime factors of 414746064?
2, 3, 2880181
What are the prime factors of 584074180?
2, 5, 191, 152899
List the prime factors of 20920414.
2, 41, 255127
What are the prime factors of 116151879?
3, 38717293
List the prime factors of 175267630.
2, 5, 733, 23911
List the prime factors of 215165008.
2, 239, 56267
List the prime factors of 1872788147.
947, 1977601
What are the prime factors of 288958506?
2, 3, 48159751
What are the prime factors of 24014948?
2, 17, 353161
List the prime factors of 103601930.
2, 5, 10360193
What are the prime factors of 105804045?
3, 5, 2351201
List the prime factors of 2415467764.
2, 603866941
What are the prime factors of 4989559?
1297, 3847
What are the prime factors of 33672135?
3, 5, 7, 320687
List the prime factors of 4149997742.
2, 11, 1019, 16829
What are the prime factors of 79024135?
5, 19, 499, 1667
What are the prime factors of 37981831?
67, 179, 3167
What are the prime factors of 242498784?
2, 3, 11, 229639
What are the prime factors of 61075894?
2, 11, 89, 31193
What are the prime factors of 6857677?
71, 96587
List the prime factors of 1936829887.
1951, 992737
What are the prime factors of 64253414?
2, 32126707
What are the prime factors of 659120513?
83, 7941211
What are the prime factors of 54023956?
2, 7, 97, 19891
What are the prime factors of 6330778?
2, 3165389
List the prime factors of 4756922.
2, 2378461
List the prime factors of 2410585673.
2410585673
What are the prime factors of 1470163973?
331, 457, 9719
List the prime factors of 467993605.
5, 59, 1586419
What are the prime factors of 142664?
2, 17, 1049
What are the prime factors of 420981580?
2, 5, 3389, 6211
What are the prime factors of 48975445?
5, 19, 53, 71, 137
List the prime factors of 92490947.
29, 3189343
What are the prime factors of 49531422?
2, 3, 223, 37019
What are the prime factors of 21060455?
5, 13, 19, 17053
What are the prime factors of 146961909?
3, 16329101
List the prime factors of 643706307.
3, 71522923
List the prime factors of 340466570.
2,